 g a prime number?
True
Is (-5 - (-89390)/20)/((-3)/(-6)) a prime number?
True
Let s be 1/3 + (-200)/15. Is (-3246)/((-78)/s)*(-2)/2 a composite number?
False
Suppose s + 400584 = 2*m, -17*s + 15*s + 801144 = 4*m. Is m a composite number?
True
Suppose -31*a + 78*a - 1802945 = 42*a. Is a prime?
True
Let n(r) = 104*r**2 - 24*r - 89. Is n(27) composite?
False
Is (1905168 - 45/20*-4)/3 a composite number?
True
Let l = -38 + 38. Suppose 3*t - 5*t - 892 = l. Let c = 953 - t. Is c a composite number?
False
Let g = 43312 - -86409. Is g prime?
False
Let q(t) = 22*t**2 - 42*t + 433. Is q(-50) composite?
True
Let h be ((-2)/(-2))/(3/(-3144)*-4). Suppose c - 96 - 35 = -4*q, 4*q + h = 2*c. Suppose -x + 2*i = -c, 57 + 62 = x + 4*i. Is x composite?
False
Let t(b) be the third derivative of 345*b**4/4 + 95*b**3/6 - 20*b**2. Is t(22) a prime number?
False
Suppose -5*m = 2*g - 450, -5*g + 894 = -5*m - 266. Let o be (89/62 - (-18)/279)*-106. Let l = g + o. Is l prime?
True
Suppose -3*n + 145 = 5*c, 4*c + n + n - 116 = 0. Suppose c*y - 27*y = 62. Is y composite?
False
Let a = -168911 - -252581. Suppose -13*h + a = 17*h. Is h a prime number?
True
Suppose 223*z - 79421559 = 48379964. Is z a prime number?
True
Suppose -d - 4*z = -1863, 0 = -4*d + z - 2*z + 7392. Suppose 11*b - 6*b + 381 = c, 5*c + 4*b = d. Is c a prime number?
False
Let y = 304 - -3103. Is y composite?
False
Suppose 719084 - 257577 = i. Is i composite?
False
Let q(v) = 159*v**3 + v**2 + 6*v - 17. Let u be q(2). Let f = -708 + u. Is f a composite number?
False
Let v be (3/1 - 4)*(-37 - -1). Let c = 38 - v. Is (6/(-18))/((c/633)/(-2)) a composite number?
False
Let v(f) = 2*f**3 + 14*f**2 - 18*f - 4. Let o be v(-8). Let s(k) = -k**2 + 21*k - 5. Let i be s(o). Let b = i + -84. Is b a prime number?
True
Let t(q) be the first derivative of 5*q**3/3 + 25*q**2/2 - 167*q - 73. Is t(16) prime?
False
Suppose -18*m + 15402169 = 4807801. Suppose -11*v - 178683 = -m. Is v composite?
True
Suppose -10*c = -5*c - 30. Let s(l) = 58*l - 17. Let k(j) = 116*j - 33. Let u(z) = c*k(z) - 11*s(z). Is u(6) prime?
True
Let j = 2874 - 4304. Let l be j/(-12) - 26/156. Suppose 58*w = 57*w + l. Is w composite?
True
Let t(n) = 60*n**2 + 9*n - 238. Is t(-41) a prime number?
False
Suppose 66*y - 177*y = -9364959. Is y prime?
False
Let k(b) = 998*b**2 - 3*b + 3. Suppose -2*u + 10 = 3*z + 2*z, 0 = -4*z + 5*u + 8. Let a be k(z). Suppose -5*n + a = -4*i, 2*n + n - 2*i = 2393. Is n prime?
True
Suppose -10*p = 141268 - 419578. Is p composite?
True
Let i(u) be the third derivative of 0*u + 28*u**2 + 25/6*u**3 + 0 - 1/2*u**4 + 1/3*u**5. Is i(6) composite?
False
Let n be (8/(-64))/1 - (-11330)/16. Suppose 3*w - 1570 = -5*q, 5*q - n - 867 = -2*w. Is q prime?
True
Let c(d) be the second derivative of 3*d**5/20 + d**4/4 + 5*d**3/6 - 8*d**2 - 28*d. Let m be c(-7). Let h = 1992 + m. Is h a composite number?
True
Let r = -105 + 99. Is r/(-4) + 0 + 114236/8 a composite number?
False
Let w(i) = 3*i**2 + 11*i + 29. Let y(d) = -2*d**2 + 2*d. Let r(m) = -w(m) - 3*y(m). Let l be ((-14)/5)/(1/(-5)). Is r(l) composite?
True
Let c be (8/(-9)*-1)/(36/162). Suppose 3*b + 862 = c*m - 417, -4*b - 961 = -3*m. Is m a composite number?
True
Let u(o) = o**3 + 29*o**2 + 7*o - 27. Suppose 6*a + 7 = -113. Is u(a) prime?
True
Suppose -44995168 = -128*x - 34*x - 17155306. Is x a prime number?
True
Let z(p) = p**3 + 5*p**2 - 3*p - 10. Let q be z(-5). Let u(b) = -8*b**2 - 12*b - 15. Let i(m) = -9*m**2 - 11*m - 14. Let l(n) = q*u(n) - 6*i(n). Is l(5) prime?
True
Let g be (-2 + 3/2)*-4. Suppose -g*k + 3*n + 0*n = 9, 5*n = 4*k + 15. Suppose k = -s + 370 + 519. Is s a prime number?
False
Let x = -1102 - -624. Let h = -907 - x. Let t = -224 - h. Is t a prime number?
False
Let k = 298830 + -212839. Is k prime?
True
Let s be (-192)/40*(-365*1 - 0). Suppose l = 1475 + s. Is l prime?
False
Suppose 0 = -5*c - 25884 + 228514. Suppose 6*a - c = -4712. Is a prime?
False
Let m(b) = 141*b - 24. Let z be -4*5/((-80)/28). Let r be m(z). Let o = r + -464. Is o a prime number?
True
Let q = 92 - 89. Suppose -6*v = -q*v - 6, j - 1617 = 3*v. Is j a prime number?
False
Suppose -2*q = 3*q + 40. Let m(c) be the third derivative of 8*c**5/15 + 7*c**4/24 - 7*c**3/6 - 2*c**2 - 12. Is m(q) prime?
False
Is (-15)/((-255)/5513627) - 18 prime?
False
Is -5*3/(-3)*-1 + 11284 a prime number?
True
Suppose 0 = 10*s - 6473 + 1283. Is s/(-12)*(-8 - 20) composite?
True
Suppose 4*p - 587791 - 523606 = -3*p. Is p composite?
False
Suppose -l - 5*u = -5*l + 26, 2*u + 23 = 3*l. Suppose -h + l = 1. Suppose 53 = h*x - 7*x. Is x prime?
True
Let w(o) = 60*o**3 - 10*o**2 + 21*o - 15. Is w(4) prime?
False
Suppose -31*b - 375776 = -63*b. Is b a composite number?
False
Suppose 56747 = n + 3*y, -n + 20862 = 5*y - 35877. Is n prime?
False
Is ((-13714)/(-6) - 2/3) + 0/880 composite?
True
Let f(v) = 18 + 5*v**2 - 28*v + 41*v**3 - 3*v**2 - 5*v**2 + 15 - 40*v**3. Is f(14) a composite number?
True
Let f be (6*9/(-30))/(15/50). Let w(p) = -2328*p + 113. Is w(f) prime?
True
Let c(q) = -4*q**3 - 2*q**2 + 1522. Let y(o) = 3*o**3 + 2*o**2 - 1523. Let s(n) = 4*c(n) + 5*y(n). Let u be s(0). Is (-1)/((-3051)/u + -2) composite?
False
Suppose -10*d - 390 + 80 = 0. Is (-31)/d*(-1 + 72) a prime number?
True
Let i(u) = 40*u**3 + 2*u**2 - 30*u + 139. Is i(5) a prime number?
True
Suppose 4*x - 1 = 19. Suppose -n + x*j = -3576, -2116 - 1454 = -n - j. Is n prime?
True
Let i = 342136 + -157257. Is i composite?
False
Suppose -2*v = -4*z - 0 + 10, 5*v = -5*z + 35. Let g(d) = -9*d**3 - 2*d + 14*d**3 + 8*d**3 - 6. Is g(v) composite?
True
Suppose 1713029 = 2*w - 5*g, -21*w - 4282532 = -26*w - g. Is w composite?
False
Let n = -403990 - -728169. Is n a composite number?
False
Suppose -1256 = -3*k - 5*h, 3*k + 2*k - 2*h = 2114. Suppose 6 = -5*f + 2*f. Is (f/4 + 1)*k prime?
True
Let h be -29 + 28 - 2/1*-1. Let f(u) = 301*u**2 - u. Let r be f(h). Let d = -11 + r. Is d composite?
True
Is 1*(247/78 - 3) + 343210/12 a composite number?
True
Is 6/9*1/2*54111 prime?
False
Let k = -58994 - -88783. Is k a composite number?
False
Suppose 38070*y + 2335013 = 38101*y. Is y composite?
False
Suppose 2*p + g = 616902, 6*p - 2*p + 5*g = 1233792. Is p a prime number?
False
Suppose 3*g - 3*t + 0*t = 654, 0 = -2*t - 6. Is (1278/(-20) - (-86)/g)*-26 prime?
False
Let f = 6 + 15. Let v = f + 77. Let l = v - -21. Is l a composite number?
True
Is (-1373023)/(-15) + (21 - 8451/405) a prime number?
False
Let a(z) = 2*z**3 - 160*z**2 - 42*z + 183. Is a(85) a composite number?
False
Let g(y) = 29*y - 169. Let v be g(6). Is v/(3 - 9780/3261) composite?
True
Let a(b) = 355*b**3 - 5*b**2 - 9*b - 2. Let g be a(5). Suppose g - 8743 = -4*p. Is p/(-20) + 5 - 3/(-4) a prime number?
True
Let l = -3184 + 8921. Is l prime?
True
Suppose -x = -6*x + 3*b + 193, 2*x + 3*b - 73 = 0. Let o(y) = 5*y + 5*y - x - 27*y. Is o(-13) a composite number?
True
Suppose 1170*z - 1168*z = 8. Let x(k) = 502*k**2 - k - 35. Is x(z) a composite number?
False
Let j(p) = 63*p**3 + 80*p**2 + 10*p - 29. Is j(18) a prime number?
True
Suppose -5*l + 721 + 94 = 0. Let n be (l/2)/(19/(-114)). Let m = n + 1180. Is m composite?
False
Suppose 2*q - x = 87383, 307*q - 2*x + 43689 = 308*q. Is q composite?
False
Suppose -502064 = 47*c + 49*c - 112*c. Is c a prime number?
True
Suppose -3*b + 12 = 0, 4*a = -0*a + 4*b. Suppose -5*j = -4*m + 4037, a*j - 1550 = -2*m + 436. Is m a composite number?
True
Let f be 142902/4*40/30. Suppose -f - 22470 = -24*q. Is q composite?
True
Suppose 5*g + 4*q = -q + 49500, -4*g + 2*q = -39594. Suppose -4*t + 570 = -2*b - 3380, -5*b - 2*t = g. Let p = -1281 - b. Is p composite?
True
Is 18/27 - (-6 - 2971708/12) composite?
False
Let h(s) = -9*s**3 + 9*s**2 - 1086. Let b(n) = 5*n**2 + 543 + 5*n**3 - 5*n**2 - 5*n**2. Let g(y) = -11*b(y) - 6*h(y). Is g(0) a prime number?
False
Let j(v) = v**2 - 13*v - 9. Let k be j(14). Let p = k - 0. Suppose p*g - 1025 = -2*l - 3*l, -5*g = -l - 1013. Is g composite?
True
Let z be ((-2156)/(-770))/((-2)/5). Let w(c) = 4*c**2 - 14*c - 5. Let r(x) = 4*x**2 - 15*x - 6. Let t(v) = -5*r(v) + 6*w(v). Is t(z) a composite number?
True
Suppose 0*t - 187241 = -5*t - 76371. Is t composite?
True
Suppose -2*d + t = 7, 38*d + 4*t - 22 = 40*d. Let q(v) = -98*v**3 - v**2. Is q(d) a pr